factors of 58444438.
2, 13, 937, 2399
List the prime factors of 2380026275.
5, 11, 8654641
List the prime factors of 336816964.
2, 11, 239, 32029
List the prime factors of 2004576355.
5, 5147, 77893
What are the prime factors of 28758034?
2, 211, 68147
What are the prime factors of 283341484?
2, 29, 2442599
What are the prime factors of 363924253?
7, 11, 17, 278017
What are the prime factors of 523474274?
2, 97, 2698321
What are the prime factors of 13074756?
2, 3, 1089563
What are the prime factors of 191491141?
317, 604073
List the prime factors of 1619173437.
3, 7, 77103497
List the prime factors of 3267053170.
2, 5, 23, 14204579
List the prime factors of 2694680169.
3, 67, 13406369
List the prime factors of 26696981.
26696981
What are the prime factors of 991950725?
5, 113, 351133
What are the prime factors of 2937294910?
2, 5, 11, 3541, 7541
What are the prime factors of 152292089?
71, 73, 29383
What are the prime factors of 823224193?
11, 4447, 16829
List the prime factors of 347808676.
2, 577, 150697
List the prime factors of 15044396.
2, 521, 7219
List the prime factors of 474883291.
113, 1667, 2521
What are the prime factors of 49355600?
2, 5, 7, 17627
What are the prime factors of 289114557?
3, 96371519
What are the prime factors of 1652890201?
43, 67, 8563
List the prime factors of 2757673239.
3, 919224413
List the prime factors of 72908340.
2, 3, 5, 409, 2971
What are the prime factors of 67576896?
2, 3, 39107
What are the prime factors of 1781967582?
2, 3, 29, 37, 257, 359
List the prime factors of 184439464.
2, 11, 73, 28711
List the prime factors of 2713235.
5, 7, 77521
List the prime factors of 31382059.
31382059
List the prime factors of 2078380052.
2, 7, 74227859
What are the prime factors of 1487920687?
11, 135265517
What are the prime factors of 228724498?
2, 3191, 35839
List the prime factors of 1262106187.
29, 223, 195161
What are the prime factors of 2965835478?
2, 3, 494305913
List the prime factors of 3982993.
7, 568999
What are the prime factors of 138473657?
7, 67, 42179
List the prime factors of 810309642.
2, 3, 23, 227, 25867
What are the prime factors of 130918224?
2, 3, 17, 83, 1933
What are the prime factors of 1799931459?
3, 599977153
What are the prime factors of 82809430?
2, 5, 11, 23, 71, 461
List the prime factors of 49153535.
5, 9830707
List the prime factors of 28865637.
3, 89, 36037
List the prime factors of 10698054.
2, 3, 1783009
What are the prime factors of 144518402?
2, 7, 1583, 6521
What are the prime factors of 139749475?
5, 61, 91639
List the prime factors of 629597068.
2, 157399267
What are the prime factors of 394836382?
2, 2957, 66763
What are the prime factors of 52820867?
11, 37, 233, 557
What are the prime factors of 965403165?
3, 5, 6143, 10477
What are the prime factors of 141444887?
141444887
List the prime factors of 3610311707.
491, 7352977
What are the prime factors of 6843511?
6843511
What are the prime factors of 94393669?
94393669
What are the prime factors of 138476770?
2, 5, 43, 322039
What are the prime factors of 29450746?
2, 13, 1132721
What are the prime factors of 6809487848?
2, 851185981
List the prime factors of 24067029.
3, 7, 1146049
List the prime factors of 563384594.
2, 53, 109, 48761
List the prime factors of 13949627.
443, 31489
What are the prime factors of 40361930?
2, 5, 7, 653, 883
What are the prime factors of 1133282761?
13, 87175597
List the prime factors of 3258617332.
2, 3433, 237301
List the prime factors of 1706200714.
2, 853100357
List the prime factors of 91645716.
2, 3, 7637143
What are the prime factors of 804479342?
2, 19, 101, 179, 1171
What are the prime factors of 1082089330?
2, 5, 7, 19, 813601
What are the prime factors of 393492611?
393492611
List the prime factors of 98000350.
2, 5, 7, 280001
What are the prime factors of 126913550?
2, 5, 61, 41611
List the prime factors of 64222779.
3, 43, 497851
List the prime factors of 89668153.
659, 136067
List the prime factors of 768381485.
5, 59, 2604683
What are the prime factors of 806549239?
89, 9062351
List the prime factors of 64458410.
2, 5, 6445841
What are the prime factors of 2284905825?
3, 5, 17, 597361
List the prime factors of 6732924434.
2, 43, 4373, 17903
What are the prime factors of 2881018799?
2857, 1008407
What are the prime factors of 4471562558?
2, 127, 17604577
What are the prime factors of 1724629431?
3, 7, 11732173
List the prime factors of 527749529.
19, 1657, 16763
What are the prime factors of 55767524?
2, 13941881
List the prime factors of 15830703.
3, 7, 59, 4259
What are the prime factors of 1472395325?
5, 929, 63397
List the prime factors of 73798267.
251, 269, 1093
What are the prime factors of 210304758?
2, 3, 35050793
What are the prime factors of 2190374682?
2, 3, 19, 19213813
What are the prime factors of 728516138?
2, 7, 419, 124193
List the prime factors of 814360482.
2, 3, 13, 19, 183167
List the prime factors of 18359185.
5, 13, 41, 83
What are the prime factors of 124839711?
3, 41, 37591
List the prime factors of 3769457.
367, 10271
What are the prime factors of 111757065?
3, 5, 7, 17, 137, 457
List the prime factors of 360821380.
2, 5, 149, 121081
What are the prime factors of 1112080227?
3, 3851, 96259
What are the prime factors of 84672707?
7, 1907, 6343
What are the prime factors of 56024213?
7, 8003459
List the prime factors of 134949852.
2, 3, 3748607
List the prime factors of 532136.
2, 11, 6047
List the prime factors of 683578755.
3, 5, 17, 893567
List the prime factors of 1339873794.
2, 3, 7, 10633919
What are the prime factors of 3150194885?
5, 23, 27392999
List the prime factors of 3598009502.
2, 1799004751
List the prime factors of 726291142.
2, 363145571
List the prime factors of 2918612466.
2, 3, 7, 11, 37, 61, 311
What are the prime factors of 362795865?
3, 5, 53, 137, 3331
What are the prime factors of 1061787781?
827, 1283903
List the prime factors of 647064752.
2, 5503, 7349
What are the prime factors of 4005023114?
2, 31, 2741, 23567
What are the prime factors of 29516683?
7, 4216669
What are the prime factors of 240354406?
2, 120177203
What are the prime factors of 1078866439?
7, 29, 5314613
What are the prime factors of 7806602?
2, 251, 15551
What are the prime factors of 143010166?
2, 13, 523, 809
What are the prime factors of 91211529?
3, 73, 416491
What are the prime factors of 3314196811?
173, 19157207
What are the prime factors of 40939481?
11, 3721771
What are the prime factors of 29729001?
3, 9909667
What are the prime factors of 901854854?
2, 17209, 26203
What are the prime factors of 200075164?
2, 677, 73883
What are the prime factors of 413757171?
3, 45973019
List the prime factors of 38824897.
23, 3191
List the prime factors of 160841740.
2, 5, 1069, 7523
List the prime factors of 151855552.
2, 2372743
List the prime factors of 966056871.
3, 13, 863, 28703
What are the prime factors of 12258823?
12258823
What are the prime factors of 70780426?
2, 35390213
List the prime factors of 7806353669.
241, 257, 126037
What are the prime factors of 419653317?
3, 401, 348839
What are the prime factors of 5259355375?
5, 23, 31, 59011
What are the prime factors of 2440588263?
3, 41, 149, 133169
List the prime factors of 163143192.
2, 3, 1009, 6737
What are the prime factors of 556062336?
2, 3, 41, 61, 193
What are the prime factors of 99923661?
3, 23, 241, 2003
List the prime factors of 72117879.
3, 24039293
What are the prime factors of 53598135?
3, 5, 3573209
What are the prime factors of 1119022287?
3, 373007429
List the prime factors of 3778605417.
3, 12497, 100787
What are the prime factors of 957330976?
2, 7, 41, 104239
What are the prime factors of 220937265?
3, 5, 4909717
List the prime factors of 461926913.
7, 2879, 22921
What are the prime factors of 370798831?
13, 89, 320483
What are the prime factors of 42369075?
3, 5, 7, 61
What are the prime factors of 3692767502?
2, 43, 2803, 15319
List the prime factors of 67221239.
349, 192611
What are the prime factors of 1794043538?
2, 7, 5683, 22549
List the prime factors of 35069280.
2, 3, 5, 73061
List the prime factors of 60245430.
2, 3, 5, 7, 61, 4703
What are the prime factors of 19519751?
19519751
What are the prime factors of 65741394?
2, 3, 10956899
List the prime factors of 347